-2c981
In base 6, what is -422 + -5?
-431
In base 15, what is 38ae + 4b?
390a
In base 12, what is -b7a0 + -aa?
-b88a
In base 11, what is -22769 + -3?
-22771
In base 10, what is -2 + -1026?
-1028
In base 16, what is -4a - 2c2f?
-2c79
In base 15, what is -9e189 + -5?
-9e18e
In base 16, what is -3 - 1034c?
-1034f
In base 2, what is 10100011111000011110 + 10?
10100011111000100000
In base 10, what is -176931 + -1?
-176932
In base 12, what is -238904 - 4?
-238908
In base 11, what is 3 + -84176?
-84173
In base 11, what is 4a6922 - 2?
4a6920
In base 9, what is 6444 - 17?
6426
In base 8, what is 425 - 511?
-64
In base 15, what is 24d304 + 0?
24d304
In base 9, what is -432532 + 5?
-432526
In base 14, what is 1 - -64bd4?
64bd5
In base 4, what is -3121 + 2320?
-201
In base 8, what is -67662 + 3?
-67657
In base 6, what is -151 + 242?
51
In base 6, what is -3 + 1113523?
1113520
In base 3, what is -1022210 + 10121110?
2021200
In base 13, what is -565 + -b?
-573
In base 16, what is -6667 - -b?
-665c
In base 8, what is -32 - -36345?
36313
In base 10, what is 3 - -45294?
45297
In base 10, what is 1196 - 73?
1123
In base 11, what is -515a16 + 2?
-515a14
In base 16, what is 24d3 + 37?
250a
In base 14, what is 4c - 495?
-447
In base 9, what is 22100 + 0?
22100
In base 7, what is -2 - -16455400?
16455365
In base 12, what is -95 + -37?
-110
In base 5, what is -3 + 22320102?
22320044
In base 6, what is -51543 - -42?
-51501
In base 11, what is 815 - 134a?
-635
In base 9, what is -4 + 22207?
22203
In base 3, what is 2002220002201 + 1?
2002220002202
In base 4, what is -3 + -2212312?
-2212321
In base 13, what is -a6b + -11cc?
-1c6a
In base 3, what is 10022101112 - -120?
10022102002
In base 15, what is 4 - d1b1?
-d1ac
In base 8, what is 13115 - 5?
13110
In base 4, what is -113 + -1133023?
-1133202
In base 7, what is -4 - 443515?
-443522
In base 6, what is 5 + 5354040?
5354045
In base 7, what is 41045 - -1?
41046
In base 10, what is 30213 - 2?
30211
In base 9, what is -67 + 17?
-50
In base 12, what is -10 - 991?
-9a1
In base 5, what is 100 - -4044?
4144
In base 12, what is -5782 + 2?
-5780
In base 11, what is -508a + -14?
-50a3
In base 3, what is 102122 - -110121?
220020
In base 2, what is 101010101111010011000 - 0?
101010101111010011000
In base 10, what is -424 + 2034?
1610
In base 10, what is -18 - -29597?
29579
In base 7, what is 1251 - -1110?
2361
In base 14, what is -2874 - -a?
-2868
In base 5, what is -404301320 + 3?
-404301312
In base 7, what is -16 + 20?
1
In base 16, what is 46 - 27d5?
-278f
In base 12, what is 0 + 8625?
8625
In base 14, what is 45b51 - 0?
45b51
In base 12, what is -1570b0 + 0?
-1570b0
In base 2, what is 10 + 100001011111?
100001100001
In base 10, what is 82013 + -28?
81985
In base 11, what is 26 - -747?
772
In base 8, what is 343033 - 16?
343015
In base 14, what is 282298 - -5?
28229d
In base 16, what is 5edc - -9?
5ee5
In base 14, what is -a + 1c28?
1c1c
In base 9, what is -457435 + -4?
-457440
In base 3, what is -1112121122 + 12?
-1112121110
In base 8, what is 3735 + -117?
3616
In base 6, what is 52 + 10111?
10203
In base 10, what is 21932 + -45?
21887
In base 9, what is 5 + 2574?
2580
In base 7, what is 202 + -60356?
-60154
In base 3, what is -11002100101 - -1112?
-11002021212
In base 3, what is -220101 - -1202?
-211122
In base 11, what is 21156 - 1a1?
20a65
In base 5, what is 32 + 2304033?
2304120
In base 15, what is 48 - -4740?
4788
In base 6, what is -12301545 + -3?
-12301552
In base 6, what is -551 - -1151?
200
In base 11, what is -16a3 - -18?
-1686
In base 14, what is 5 - 291?
-28a
In base 7, what is -20 + 240410?
240360
In base 10, what is 7166 - -7?
7173
In base 2, what is 1 - -100110101111100?
100110101111101
In base 2, what is -100100100000010 + 10111?
-100100011101011
In base 3, what is 20112221 - -20?
20120011
In base 15, what is 2 + 1aacc?
1aace
In base 3, what is 1 + 210222010?
210222011
In base 11, what is -439 + -20?
-459
In base 12, what is 522 + 13a?
660
In base 14, what is 8a + -310?
-264
In base 8, what is 37715 - 312?
37403
In base 2, what is 110 + -110011111?
-110011001
In base 16, what is -2 + -2eaf?
-2eb1
In base 13, what is -2 - -11a5c?
11a5a
In base 4, what is 221211223 + 0?
221211223
In base 10, what is 9 - -38017?
38026
In base 13, what is -211c - 49?
-2168
In base 11, what is a8a - a19?
71
In base 5, what is -11 - -1332320?
1332304
In base 4, what is -21010133 - -10?
-21010123
In base 11, what is 51 + 3127?
3178
In base 13, what is -23a75 - 12?
-23a87
In base 2, what is 111001100110011011110 - -11?
111001100110011100001
In base 5, what is -4 - -11114241?
11114232
In base 6, what is -14 + -205235?
-205253
In base 9, what is -4 - 538?
-543
In base 9, what is 1 + -3578702?
-3578701
In base 10, what is -3 - 47698?
-47701
In base 6, what is 5 - 11535550?
-11535541
In base 11, what is 2 - 5357?
-5355
In base 6, what is -204500 - 4?
-204504
In base 9, what is -65430 + 56?
-65363
In base 15, what is 10 - -672?
682
In base 4, what is -21310232 + -122?
-21311020
In base 6, what is -2431535 + -2?
-2431541
In base 13, what is 2 - 925?
-923
In base 3, what is 1022 + -1110012?
-1101220
In base 7, what is 340314 - 44?
340240
In base 13, what is -124213 + -4?
-124217
In base 8, what is 111 - 1203?
-1072
In base 15, what is 53be + -10c?
52b2
In base 4, what is 123210121 - -102?
123210223
In base 8, what is 61157 - -142?
61321
In base 4, what is 230 - 132211?
-131321
In base 4, what is 30103320 - 10?
30103310
In base 11, what is 7 - a96?
-a8a
In base 2, what is -111100000 + 10100011?
-100111101
In base 3, what is -12 + -212121110101?
-212121110120
In base 7, what is -2 - -13344034?
13344032
In base 7, what is -4212 + -52?
-4264
In base 13, what is 57 - 259?
-202
In base 6, what is -211250101 - 5?
-211250110
In base 14, what is 0 + -d3?
-d3
In base 3, what is -101202102121212 + 12?
-101202102121200
In base 4, what is -10 + 12210331?
12210321
In base 16, what is 0 + 45ca?
45ca
In base 4, what is -1320000100 + -2?
-1320000102
In base 6, what is 44 + -14221?
-14133
In base 8, what is -345177 + -10?
-345207
In base 4, what is -1 - 3321002?
-3321003
In base 11, what is -1014 - -378?
-747
In base 14, what is 2099b2 - 3?
2099ad
In base 7, what is 12 + 16433?
16445
In base 2, what is 100011011111011 + 10?
100011011111101
In base 14, what is 2 + -58c3?
-58c1
In base 4, what is 1 + -20313330?
-20313323
In base 15, what is -6022 - 1?
-6023
In base 5, what is -44343 + 304?
-44034
In base 13, what is 2 + 3522?
3524
In base 9, what is 337756 + 0?
337756
In base 7, what is 412 - -664?
1406
In base 13, what is 3320 - -7a?
339a
In base 6, what is -221343 + -4?
-221351
In base 6, what is -5354 - -421?
-4533
In base 10, what is -2131881 + 4?
-2131877
In base 5, what is 4320301 + 1?
4320302
In base 5, what is -4 - 311021?
-311030
In base 7, what is -416166 + -3?
-416202
In base 14, what is -25c3c - 0?
-25c3c
In base 4, what is -230 - -321002?
320112
In base 5, what is 1111434 + 1?
1111440
In base 10, what is 292418 + -6?
292412
In base 10, what is 0 + 23748?
23748
In base 8, what is -246450 + 3?
-246445
In base 10, what is 41014 - 2?
41012
In base 13, what is 65 + -3301?
-3269
In base 14, what is 1821a - -1?
1821b
In base 13, what is 126 + 3a93?
3bb9
In base 8, what is -13 + -755?
-770
In base 11, what is -3 - -19096?
19093
In base 8, what is -3 + -42766?
-42771
In base 12, what is -5a44 + -9?
-5a51
In base 11, what is 0 + 640a6?
640a6
In base 8, what is 60 - 303?
-223
In base 16, what is 25 + -1?
24
In base 4, what is -10 + 2221310313?
2221310303
In base 3, what is 100001 + 111000?
211001
In base 7, what is 3311256 + -3?
3311253
In base 6, what is 23105 - -4?
23113
In base 10, what is -4 - 205599?
-205603
In base 2, what is 11 + 1001000100111110001?
1001000100111110100
In base 10, what is -20570 - -29?
-20541
In base 14, what is -291 + 51?
-240
In base 5, what is 1320 - -41?
1411
In base 15, what is 34e + -12?
33c
In base 15, what is e - -38869?
38878
In base 14, what is 3 - -2901?
2904
In base 14, what is 3 + -18b23?
-18b20
In base 12, what is -186178 + 4?
-186174
In base 10, what is -3561 - 14?
-3575
In base 3, what is -11002 - 11100?
-22102
In base 9, what is -7 + -3008?
-3016
In base 4, what is -31332 - 3202?
-101200
In base 5, what is -21302 -